 factors of p?
2, 149
Suppose 0*u - 2*u + 3*c + 1578 = 0, 0 = -5*c. List the prime factors of u.
3, 263
Suppose 0 = -53*i - 6*i + 236413. What are the prime factors of i?
4007
Let g be -4*(1 - 5/2). Let z(l) = -l**2 - 31*l - 184. Let s be z(-23). Suppose s = 5*h - 26 + g. List the prime factors of h.
2
Let w(x) = 78*x - 57. What are the prime factors of w(7)?
3, 163
Suppose -3*v = -7*v - 140. Let l = 27 + v. What are the prime factors of 19 + -21 - l*5?
2, 19
Suppose 0 = 2*j + 595 - 3907. Suppose 6*r - 12*r = -j. List the prime factors of r.
2, 3, 23
Let f = -143 + 320. List the prime factors of f.
3, 59
Let p be 741 + 6/(-14) + 15/35. Suppose p - 129 = 17*s. What are the prime factors of s?
2, 3
Let p(f) = -f**3 - 19*f**2 + f + 22. What are the prime factors of p(-20)?
2, 3, 67
Suppose -4*a = -2*s + 2614, -3*s + 2*s - 3*a + 1287 = 0. List the prime factors of s.
3, 433
Suppose 7 = 5*b + 22. What are the prime factors of (0/1)/((-3)/b) - -229?
229
What are the prime factors of 675/(4/(2 - 0) + -1)?
3, 5
Suppose -9*p - 13 = -49. Suppose p*t - 82 = -4*q + 6*t, -5*q + 103 = -2*t. List the prime factors of q.
3, 7
Let h(s) = -s**2 + 17*s - 8. Let w be h(11). Suppose -w = -2*x - 14. What are the prime factors of x?
2, 11
Suppose 3*c + 4*x - 20 = 0, -3*c - 4*x = x - 16. Let s(t) be the first derivative of -t**3/3 + 7*t**2 + 2*t + 1. What are the prime factors of s(c)?
2, 13
Let g be (-4)/(-4) + -7 + 10. Suppose 2*y = g*t + 378, t = 7 - 3. What are the prime factors of y?
197
Let a be 84/(-16)*24/9. Let m = 24 - a. List the prime factors of m.
2, 19
Let w be 3*(3 - (-30)/(-9)). Let k = 1 + w. Suppose -y + 12 + 10 = k. List the prime factors of y.
2, 11
List the prime factors of 9846/15*((-33)/(-9) - 2).
2, 547
List the prime factors of (-927276)/(-1092) + 2/(-13).
3, 283
Let x(i) = 2*i**2 - 18*i - 12. Let s = 47 + -34. What are the prime factors of x(s)?
2, 23
Let y = 18 + -26. What are the prime factors of (236/y)/((-2)/4)?
59
Let f(r) = -r**3 - 11*r**2 - r - 2. Let l be f(-11). Suppose t + 5*n = -l, -3 = t + t + 5*n. Let s(z) = z - 1. What are the prime factors of s(t)?
5
Let j be -2*15/6*-1. Let i(p) = -j - 7 - p - 3*p - 2*p. List the prime factors of i(-6).
2, 3
Let l(b) = -11*b**2 - 4*b + 15. Let p(z) = 6*z**2 + 2*z - 8. Let q(h) = -4*l(h) - 7*p(h). Suppose 4*i + 3 = 3*i. What are the prime factors of q(i)?
2
Let k(q) = -q**3 + 7*q**2 - 3*q + 2. Suppose 0 = -6*u + 51 - 15. Let o be k(u). Let b = o + -16. List the prime factors of b.
2
Let u = 1364 - 391. What are the prime factors of u?
7, 139
Let b = -96 + 108. Suppose n = b*n - 2618. What are the prime factors of n?
2, 7, 17
Let p be (-2)/(-5) - 99/(-15). Let u(g) = 2*g**2 + p - 3 - g**2 + 11*g + 6. List the prime factors of u(-11).
2, 5
Suppose -60*c + 62*c + 120 = 0. Let h = 154 + c. What are the prime factors of h?
2, 47
Let z be (-22)/55 + (-32)/(-5). Let k(u) = u**2 - 4*u + 5. Let i be k(z). Let t = i + 14. List the prime factors of t.
31
Let m = -32 - -58. Suppose -302 = -19*x + 933. Let y = x - m. List the prime factors of y.
3, 13
Let v(z) = z**2 - z + 3. Suppose -30 = -6*r + r. What are the prime factors of v(r)?
3, 11
What are the prime factors of (-19 - -17)*1527/(-6)?
509
Suppose -2422 = -9*f - 1000. Suppose -f = -5*r + 622. List the prime factors of r.
2, 3, 13
Suppose 0 = -18*o + 24*o - 498. What are the prime factors of o?
83
What are the prime factors of -4225*-1*(11 - 10)?
5, 13
Let d = -239 + 801. What are the prime factors of d?
2, 281
Let n be 4/12 - (-8)/12. List the prime factors of 2/((-1)/1) - (-51 - n).
2, 5
Let z(c) = 4*c + 8. Let i be z(9). Let m be (-6)/15 - 68/(-20). Suppose m*q - i = -q. What are the prime factors of q?
11
Let t(p) = p**3 + 7*p**2 + 4*p - 4. Let a be t(-6). Let k be 0*(4/a)/(-1). Suppose k = -3*j + 6*j - 78. What are the prime factors of j?
2, 13
List the prime factors of 333/37*(-78)/(-2).
3, 13
Suppose -108*w = -148*w + 181280. List the prime factors of w.
2, 11, 103
Let l(o) = o**3 - 6*o**2 - 9*o - 6. Let v be l(7). Let m be (v/(-12))/((-2)/(-6)). Suppose m*c = -12 + 37. List the prime factors of c.
5
Let i = -6 + 4. Let f = 13 + i. Let j = 15 - f. List the prime factors of j.
2
Let z(u) = -3*u**2 + 8*u - 3. Let y be z(3). What are the prime factors of 4/6 + (-674)/y?
113
Let x = -48 - -76. Let v(r) = -r**2 + r - 1. Let i be v(4). Let q = i + x. List the prime factors of q.
3, 5
What are the prime factors of 5372 + 70/(-7) + 4 + 5?
41, 131
Suppose s = -50 + 161. What are the prime factors of s?
3, 37
Let j = -248 - -296. Suppose 3*u - 54 + 15 = 0. Let h = j - u. What are the prime factors of h?
5, 7
Suppose -m = 3*u - 53, 0*u = 5*u - 3*m - 79. Let h = u - -71. List the prime factors of h.
2, 11
Let o(t) = -2*t**3 - t**2 - 4*t - 3. Let h be o(-5). Suppose -38 = g - 3*y - 171, -h = -2*g - 2*y. List the prime factors of g.
2, 31
Let k = 40 + -21. Let b = k - 16. Suppose 0 = a - b*p - 17, p + p = -3*a + 51. What are the prime factors of a?
17
Let x be (6/(-4))/(7/(-14)). Let k = -8 - -8. Suppose k = x*b + 3 - 18. List the prime factors of b.
5
Suppose -172*n = -173*n + 703. List the prime factors of n.
19, 37
Let s be 4 + 6/(-3) + 0. Suppose 24 - 134 = -s*v. What are the prime factors of v?
5, 11
Suppose 4*n = 3*g - 9, -3*g = 2*g - 15. Suppose n*q + 3 = 3*q. What are the prime factors of q*4/3*12?
2
Let f(i) = -i. Let v(r) = 3*r + 19. Let w be v(-6). Let l(o) = -o**3 + 7*o**2 - 8*o + 15. Let q(b) = w*l(b) - 2*f(b). What are the prime factors of q(6)?
3, 5
Let g(x) = 8*x**2 - 27*x + 89. What are the prime factors of g(16)?
5, 11, 31
Let g(u) = 89*u**3 + 101*u**3 + u**3 + 1 + 0 - u. What are the prime factors of g(1)?
191
Let k = 1410 + 238. What are the prime factors of k/80 + ((-16)/10 - -2)?
3, 7
Suppose 5*m - 5 = -15. What are the prime factors of (-316)/(-2)*(1 + m)/(-2)?
79
Let o(n) = n**3 + 7*n**2 - 17*n + 9. Let a be o(-9). Suppose a*m = -5*y + 3*m + 214, -4*m - 135 = -3*y. List the prime factors of y.
41
Let k(l) = l**3 + 12*l**2 + 3*l - 3. Let g be k(-10). Let u = -95 + g. List the prime factors of u.
2, 3
Let p be (-56)/70 - (-1)/(-5). Let b = 3 - p. What are the prime factors of (-7)/(-28) + 83/b?
3, 7
Suppose 190 = -7*o + 484. Let c = -38 + 25. Let s = o + c. What are the prime factors of s?
29
Let j = 5778 - 3569. List the prime factors of j.
47
Suppose v = 4*v + 30. Let b(n) = n**3 + 12*n**2 + 15*n + 6. What are the prime factors of b(v)?
2, 7
Let x(m) = 611*m + 143. Let i(r) = 7 - 7 - 17*r - 4. Let q(p) = -143*i(p) - 4*x(p). List the prime factors of q(-5).
5, 13
Let f be (25/30 - 6/(-9))*2. Suppose 54 = f*j - 12. What are the prime factors of j?
2, 11
What are the prime factors of 49 + -1 + 0/(8 + -1)?
2, 3
Suppose -8351 - 6653 = -31*i. What are the prime factors of i?
2, 11
Suppose -2*z - 4*k = -10538, z + 3*k = -3*z + 21091. List the prime factors of z.
5, 211
Let m(w) = 2*w**2 + 7*w + 9. Let l(c) = -5*c**2 - 14*c - 18. Let r(t) = 3*l(t) + 7*m(t). Let x be r(8). List the prime factors of (-1)/(3/(-84)*x).
2, 7
Suppose 0*p + 2*p = 6. Suppose -p + 1 = -v. Suppose 0 = -v*f - 4*y + 143 - 43, f = 3*y + 35. What are the prime factors of f?
2, 11
What are the prime factors of (-1)/8 + (8 - 312/64)?
3
Suppose 8 = s + 6. Suppose s*k = 6 + 130. List the prime factors of k.
2, 17
Let v = 250 - 97. Suppose 2*n + v = 5*n. List the prime factors of n.
3, 17
Suppose -21*j + 448 + 1820 = 0. List the prime factors of j.
2, 3
Let m(r) be the second derivative of -r**6/360 - r**5/12 - 11*r**4/24 + r**3 + r. Let p(j) be the second derivative of m(j). List the prime factors of p(-8).
5
Let f(s) = -130*s - 78. What are the prime factors of f(-6)?
2, 3, 13
Let n be -4 - (-11)/(55/140). Suppose -3*v + n = -2*v. What are the prime factors of v?
2, 3
Let p(q) = -q**3 + 49*q**2 - 199*q + 84. List the prime factors of p(41).
3, 199
Let n(m) = 512*m**3 - 4*m + 5. What are the prime factors of n(1)?
3, 19
Let o(d) = d**3 - 10*d**2 + 11*d - 8. Let k be o(9). Let h be (k/4)/((-9)/(-216)). What are the prime factors of -2*(-2)/(8/h)?
2, 3, 5
Let u(s) = s**2 - 15*s + 19. Let p be u(14). Suppose 14 = a - p*t, -3*t + t + 70 = 5*a. List the prime factors of a.
2, 7
List the prime factors of 6 + -1 + 174 + 1610.
1789
Suppose 7*o - 105 = 10*o. Let n = -14 - o. What